 h?
1
Let s be (-4)/18 + (-188)/(-36). Suppose s*p - 205 = 105. What is the units digit of p?
2
Let a = 421 + 426. What is the units digit of a?
7
What is the tens digit of 0 + (-14 - -6) + 2268?
6
Let l = -14 - -11. Let w be 52/l - 2/3. Let y = 34 + w. What is the units digit of y?
6
Let a(x) = -16*x**2 - 2*x + 2. Let n be a(1). What is the units digit of (-2 - 2) + (1 - n) + 0?
3
Let j(u) be the first derivative of -1/3*u**3 + 11*u - 5*u**2 + 12. What is the units digit of j(-5)?
6
What is the hundreds digit of ((-312)/(-60))/((-2)/(-100))?
2
Suppose -12*g + 4709 + 9187 = 0. What is the units digit of g?
8
What is the units digit of ((-930)/(-75))/((-2)/(-30))?
6
Let y(w) be the second derivative of -w**5/60 - 5*w**4/24 + w**3/2 - w. Let q(l) be the second derivative of y(l). What is the units digit of q(-10)?
5
Let j(d) = -3*d**2 - 19*d + 2*d**2 + 31*d - 17*d + 5. Suppose -5*v + 0*v = 25. What is the units digit of j(v)?
5
Suppose 5*b = 15, 49 = 5*k - 2*b + 5*b. What is the units digit of 4/16 - (-830)/k?
4
Let q(i) = -8*i**3 - 5*i**2 - 1. Let z(p) = 40*p**3 + 25*p**2 + p + 6. Let s(n) = -11*q(n) - 2*z(n). What is the tens digit of s(2)?
7
Let h(x) = 11*x**3 - 7*x**2 + 3*x - 14. What is the tens digit of h(5)?
0
Let t = 10 + 1. Let z be -3 - t/((-44)/24). Suppose -3*u = 5*f - 32, -u - 3*f = z*u - 39. What is the units digit of u?
9
Suppose 0 = -0*k + 2*k. Let z(l) = 8*l - 22. Let a(i) = 7*i - 22. Let o(r) = -7*a(r) + 6*z(r). What is the units digit of o(k)?
2
Let q(z) = 3*z**2 - 4*z - 3. Suppose -4*m + 52 = 28. What is the units digit of q(m)?
1
Let y(t) = -t - 10. Let i be y(-7). Let n be 4/(12/(-45)) - i. Let p(v) = v + 17. What is the units digit of p(n)?
5
Let j(n) = n**3 + 10*n**2 + 9*n - 7. Let v be j(-9). Let i be v/(4 - 51/12). Suppose 5*h = 212 + i. What is the tens digit of h?
4
Let i(k) be the first derivative of -8*k**2 + 14*k + 19. What is the tens digit of i(-5)?
9
Let y(k) = k**3 + 3*k**2 + 3*k + 1. Let c be y(-3). Let z(v) = 2*v**2 + 9*v - 7. Let i be z(c). Let a = 81 - i. What is the units digit of a?
2
Let b(z) = -z**2 - 33*z + 117. What is the tens digit of b(-28)?
5
Let b(d) = -24*d + 13. Let h(l) = -3*l**2 + l + 1. Let w be h(-1). What is the units digit of b(w)?
5
Let h be 196/(-6)*(-6)/(-4). Let f = -105 + 50. What is the tens digit of (-1 + h)*44/f?
4
Let i(o) = -208*o - 3. Let x be i(-1). Suppose -407 - x = -6*p. What is the hundreds digit of p?
1
Let s be 21/5 + (-6)/30. Suppose -4*k - 16 = -0, s*b - 24 = 4*k. Suppose 6 = x - b*u, -3*u = 4*x + 21 - 89. What is the units digit of x?
4
Let o(y) = -21*y - 280. What is the hundreds digit of o(-44)?
6
Suppose 13*l - 5*l - 464 = 0. What is the units digit of l?
8
Let i(h) = -2*h + 1. Let l be i(3). Let b = 9 + l. Suppose -141 = -b*m - 5*a, 0*a + 5 = a. What is the units digit of m?
9
Let r(k) = -k**3 + k**2 + 2*k. Let n be r(2). Suppose 0 = b - d + 1, -b + n*b + 24 = 4*d. Suppose 72 = b*a + 4. What is the tens digit of a?
1
Suppose x = -2*o - 30, 3*o - 5*x - 30 = 5*o. Let q = o - -19. What is the units digit of q?
4
Let v = -28 - -28. Suppose v*k + 321 = 5*w - 2*k, 4*w + 3*k - 266 = 0. What is the units digit of w?
5
What is the hundreds digit of (-40)/50 - (-7158)/10?
7
Let s(n) = 295*n + 181. What is the tens digit of s(4)?
6
Let n(u) = -u**3 - u**2 - u + 27. Let g be (0 - -1) + 2 + -1 + -2. What is the units digit of n(g)?
7
Let l(p) = 8*p**2 - 8*p - 29. What is the tens digit of l(-6)?
0
Let w(s) = s**2 - 3*s - 4. Let u be w(6). Suppose -3*b = -5*z - 228, 5*b - u - 366 = z. What is the tens digit of b?
7
Let n = 1259 - 851. What is the hundreds digit of n?
4
Let o = -2 - 4. What is the tens digit of (296/o)/((-4)/6)?
7
Suppose 19*x - 6838 = 60593. What is the units digit of x?
9
Let y(q) = -19*q - 9 - 25*q**2 + 5*q**3 + 30 - 5*q + 4*q. Let m(g) = -3*g**3 + 13*g**2 + 10*g - 11. Let t(k) = 7*m(k) + 4*y(k). What is the tens digit of t(-8)?
2
Let l = 4 - 47. Let u = 115 + l. Suppose 0 = d + 3*d - u. What is the units digit of d?
8
Let c be (176/24)/(-3*2/261). Let v = 490 + c. What is the hundreds digit of v?
1
Suppose -2*r = r. Suppose -t + 8 - 6 = r. Suppose 5*a = -3*o + 51, 7 + 15 = t*a + 2*o. What is the units digit of a?
9
Suppose 0 = 2*b - 4*b + 6. Suppose 5*z - b*s + s - 133 = 0, -4*z + 116 = -4*s. What is the units digit of z?
5
Suppose 0 = -p - 5*x - 30, 2*p - 4*x + 1 = 11. What is the units digit of 2*-1 + (p - -26)?
9
Let s be (-1547)/(-49) - 6/(-14). Let h be (s/(-3))/(4/(-12)). Let f = h + -1. What is the tens digit of f?
3
Let s(f) = 2*f**3 - 3*f**2 - 8*f + 12. Let w = 51 + -46. What is the tens digit of s(w)?
4
Suppose 0 = -5*z + 8*z - 513. Suppose 5*g = 5*o - z - 79, -3*o - 3*g = -162. What is the units digit of o?
2
Let p = 31 + 17. Suppose 2*z + 2*x - 124 = 0, -2*z + p = -3*x - 101. What is the units digit of z?
7
Let f(q) = 2*q + 4. Suppose -5*y + h = -88, y - 2*h + 76 = 5*y. What is the tens digit of f(y)?
4
Let q = -9 - -11. Suppose -5*c = -16 - 4. Suppose -b - 31 = -6*b - q*u, -c*b = 4*u - 20. What is the units digit of b?
7
Suppose -3*g - 2*g = -1195. Let y = g + -168. What is the tens digit of y?
7
Let b(v) = 6*v - 12. Suppose 5*f + 3*k - 44 = 0, -5*f + 4*k + 23 = -0*f. Let m be b(f). What is the units digit of (192/m)/(1/5)?
2
Suppose 0 = k + 5*y - 4, 2*y - 32 = -5*k + 11. Let n = 26 + k. What is the units digit of n?
5
Let h(i) = 6*i**2 + 15*i - 17. Let l(k) = 2*k**2 + 5*k - 6. Let p(w) = 3*h(w) - 8*l(w). Suppose -5*n = 5 + 25. What is the units digit of p(n)?
9
Let f be (4/7)/((-2)/(-7)). Suppose 6 = 2*i - f. Suppose y + i*n = 2, n + 11 + 1 = y. What is the tens digit of y?
1
Let q be 9/(-6)*8/6. Let l be (-3 + 3)/(q/(-1)). Suppose l = 5*d - 11 - 39. What is the tens digit of d?
1
Let p(q) = 53*q**2 + 60*q + 425. What is the thousands digit of p(-9)?
4
Let l be 11 + 3*(-3)/(-9). Let f = l + -13. What is the units digit of 17/((-3 - -2)*f)?
7
Let p = 25 + -21. Let z = p + 13. What is the units digit of z?
7
Suppose 0 = -0*o - 4*o + 724. Let g = -105 + o. What is the units digit of g?
6
Let o be 2/3*3792/(-32). Let j = o + 95. What is the tens digit of j?
1
Let s be (3 - 2)*(1 - -40). Let i be s - (8/2 + -5). Suppose -4*d = -i - 10. What is the tens digit of d?
1
Let y(n) = 7*n - 9. Let g be y(2). Suppose -o = g*o - 810. What is the hundreds digit of o?
1
Suppose 4*o + 2512 = 2*i, 3*o = 30*i - 29*i - 1256. What is the thousands digit of i?
1
Let z(a) = -3*a - 32. Let q be z(0). What is the tens digit of 1/4 + 161*(-56)/q?
8
Let l = -87 + 128. Let c = -50 - -74. Let f = l - c. What is the tens digit of f?
1
Suppose -6*y + 32*y - 29744 = 0. What is the tens digit of y?
4
Suppose 594 - 6 = j + k, -j + 584 = 2*k. What is the hundreds digit of j?
5
Suppose 20 = 7*w - 2*w. Suppose 61 + 27 = w*b. What is the tens digit of b?
2
Suppose 2*n + n - 45 = 0. Let g be (186/n)/((-4)/(-10)). Suppose -121 = -5*i - g. What is the tens digit of i?
1
Let k(w) = -2*w**2 - 17*w - 3. Let y be k(-8). Suppose -d - y = 0, -p + 2*p + d - 52 = 0. What is the units digit of p?
7
Suppose 0*o + 4*o = 8. Suppose -4*y + 314 + 302 = o*x, 3*y + 6 = 0. What is the units digit of (x/(-91))/(4/(-14))?
2
Let a(d) be the first derivative of -5 + 28/3*d**3 - 1/2*d**2 + 2*d. What is the tens digit of a(1)?
2
Let r = 61 - -16. What is the tens digit of r?
7
Suppose -t + j + 146 = -0*t, -5*t + 2*j = -733. What is the units digit of t?
7
What is the tens digit of (-25725)/(-45) + (-2)/3?
7
Let k(b) = -b**3 - 4*b**2 - 4*b + 4. Let q be k(-4). Suppose 0*n - q = 4*n. Let g(r) = r**3 + 7*r**2 + 3*r + 1. What is the units digit of g(n)?
6
Let n(o) = o**3 - 44*o**2 + 98*o - 35. What is the thousands digit of n(43)?
2
Let c be (-1 + (3 - 1))/((-3)/(-9)). What is the tens digit of 86 + (-2 + c - 1)?
8
Suppose -28*c + 436172 = 64*c. What is the tens digit of c?
4
Suppose -3*l + 5*l - 12 = 0. Suppose 5*n + 34 = 3*j + l*n, j - 22 = -3*n. What is the units digit of j/(-50) - 502/(-10)?
0
Let v(b) = 292*b + 6. What is the tens digit of v(3)?
8
Suppose -q - 3*a + 683 = 0, 4*q = 11*a - 12*a + 2743. What is the hundreds digit of q?
6
Suppose -329*q + 322*q = -4284. What is the units digit of q?
2
Let d(p) be the third derivative of -3*p**2 + 0*p + 5/12*p**4 + 1/3*p**3 - 1/60*p**5 + 0. What is the unit